 559*q - 1172. Determine l(141).
-467
Let j(u) = -5*u**3 - 23*u**2 - u + 2. Calculate j(1).
-27
Let u(c) = 2*c**3 + 222*c**2 - 866*c + 6249. Determine u(-115).
39
Let r(f) = f**2 + 283*f + 10218. Give r(-43).
-102
Let c(z) = 5900*z + 41330. Determine c(-7).
30
Let d(k) = k**3 + 104*k**2 + 369*k + 6677. Determine d(-101).
11
Let u(k) = -4*k**2 + 133*k + 1402. Give u(-11).
-545
Let x(y) = -2722*y - 280392. Give x(-103).
-26
Let w(z) = 8301*z + 448283. Calculate w(-54).
29
Let k(s) = -8*s**2 + 595*s - 10952. Give k(38).
106
Let p(l) = 27715*l + 17266442. What is p(-623)?
-3
Let g(v) = v**2 - 142*v - 14050. Give g(-69).
509
Let w(a) = 4*a**3 - 19*a**2 + 9*a + 43. Calculate w(4).
31
Let h(o) = 3*o**3 + 44*o**2 + 168*o + 2. Calculate h(-9).
-133
Let h(o) = 6883*o + 34393. Determine h(-5).
-22
Let k(v) = v**3 - 12*v**2 + 2325*v - 25436. Determine k(11).
18
Let y(v) = v**3 + 31*v**2 + 47*v + 2795. Calculate y(-32).
267
Let c(k) = 563*k + 16414. What is c(-29)?
87
Let o(m) = 14*m**2 + 3849*m + 125849. What is o(-237)?
2
Let l(i) = -4*i**3 + 829*i**2 + 1459*i + 654. What is l(209)?
-182
Let u(b) = 2*b**3 - 68*b**2 + 88*b - 8349. Calculate u(36).
3
Let k(o) = 2*o**3 + 35*o**2 + 52*o + 82. What is k(-20)?
-2958
Let y(m) = m**3 - 2*m**2 - 1928*m - 124. What is y(45)?
191
Let a(f) = 1459*f + 287451. What is a(-197)?
28
Let a(p) = p**3 + 2*p**2 - 507*p - 15. Calculate a(20).
-1355
Let q(t) = 2*t**2 - 87*t + 1019. What is q(20)?
79
Let q(f) = -2*f**3 - 288*f**2 - 867*f - 706. Calculate q(-141).
2255
Let f(n) = 87*n + 4320. What is f(-53)?
-291
Let a(x) = 7*x**3 - 17*x**2 - 27*x + 17. Calculate a(-3).
-244
Let i(c) = -204*c**2 - 13864*c + 116. Calculate i(-68).
-428
Let h(j) = -15*j**2 - 2989*j + 1648. Give h(-200).
-552
Let b(n) = -3484*n + 34819. Give b(10).
-21
Let p(d) = 126*d + 3945. Calculate p(-18).
1677
Let q(a) = 2004*a - 78119. What is q(39)?
37
Let c(f) = -101*f - 774. Calculate c(-5).
-269
Let h(s) = 684*s - 825. What is h(2)?
543
Let s(d) = 1782*d + 38940. Give s(-22).
-264
Let t(s) = -23*s**2 + 25954*s - 11269. Give t(1128).
11
Let v(n) = 704*n + 1978. Determine v(-2).
570
Let o(f) = 16*f**2 + 5586*f + 274344. What is o(-290)?
4
Let d(b) = -14243*b - 142110. Give d(-10).
320
Let w(k) = 12*k**2 - 425*k + 2212. Give w(29).
-21
Let u(x) = x**2 + 27*x - 3059. Calculate u(-71).
65
Let z(y) = -y**3 - 25*y**2 + 44*y + 471. What is z(-26)?
3
Let n(g) = 25077*g - 75237. Calculate n(3).
-6
Let c(b) = 4289*b**2 - 214453*b + 153. Determine c(50).
3
Let f(a) = 478*a - 19076. Give f(41).
522
Let g(n) = 47*n + 2663. Calculate g(-109).
-2460
Let o(x) = -10*x**3 - 8*x**2 - 14*x + 2. Give o(2).
-138
Let c(n) = -n**3 - 25*n**2 - 4313*n - 33412. Determine c(-8).
4
Let i(s) = 5*s**3 - 349*s**2 - 28*s - 2964. Determine i(70).
-24
Let m(p) = -12361*p + 172371. Give m(14).
-683
Let j(b) = b**3 + 270*b**2 + 1438*b + 241723. What is j(-268)?
-13
Let x(b) = -2*b**3 + 407*b**2 + 17245*b + 103. Calculate x(-36).
67
Let i(v) = v**2 + 12528*v + 187574. Give i(-15).
-121
Let k(u) = -3*u**2 - 314*u + 27776. What is k(-162)?
-88
Let v(r) = 12*r**2 + 166*r - 2473. Determine v(9).
-7
Let b(x) = -155*x**2 - 38616*x - 5233. What is b(-249)?
-4
Let m(v) = -268567*v - 1880184. Determine m(-7).
-215
Let w(p) = -p**3 + 247*p**2 - 217*p - 6785. Calculate w(246).
349
Let d(h) = -h**2 + 194*h - 5858. Calculate d(44).
742
Let u(n) = 4*n**3 - 9*n**2 + 5*n - 42. Give u(4).
90
Let d(a) = -a**3 + 176*a**2 + 643*a + 13531. What is d(180)?
-329
Let m(v) = -19528*v - 995933. What is m(-51)?
-5
Let w(k) = -2*k**2 + 28381*k + 511505. Determine w(-18).
-1
Let o(d) = 1174*d - 5862. Determine o(5).
8
Let t(v) = -1313*v - 115682. Determine t(-88).
-138
Let s(w) = w**2 - 756120*w - 2268367. Calculate s(-3).
2
Let l(w) = -w**3 - 59*w**2 - 503*w - 85. What is l(-10)?
45
Let i(m) = -m**2 + 765*m - 27830. Determine i(38).
-204
Let i(d) = -4936*d**2 - 19657*d + 36. What is i(-4)?
-312
Let b(h) = -h**3 + 35*h**2 + 4950*h - 36091. What is b(7)?
-69
Let r(d) = 14*d**2 - 175*d - 1025. What is r(-15)?
4750
Let u(y) = 4*y**3 - 168*y**2 + 637*y - 1149. Give u(38).
-47
Let l(j) = j**3 - 38*j**2 + 152*j + 1265. Give l(32).
-15
Let y(s) = -7*s**2 - 4646*s + 41592. Determine y(9).
-789
Let s(j) = -209*j - 6779. What is s(-40)?
1581
Let a(z) = -z**3 + 109*z**2 + 665*z - 150. Calculate a(-6).
0
Let v(s) = 3*s**2 - 5546*s - 192027. Calculate v(-34).
5
Let p(b) = -5*b**2 + 104*b - 266. Calculate p(10).
274
Let x(b) = b**3 - 67*b**2 + 1076*b + 76. Give x(40).
-84
Let h(n) = n**2 + 8405*n - 83990. What is h(10)?
160
Let g(d) = -16506*d - 495182. Determine g(-30).
-2
Let a(j) = -396*j - 26300. Give a(-66).
-164
Let p(z) = z**2 - 2196*z + 161158. What is p(76)?
38
Let d(r) = r**3 - 61*r**2 - 153*r + 1682. Give d(63).
-19
Let v(z) = -134*z**2 + 1051*z + 160. Give v(8).
-8
Let s(g) = -2*g**3 + 26*g**2 + 285*g + 20. Calculate s(-7).
-15
Let v(t) = t**2 + 132*t + 2233. Calculate v(-113).
86
Let i(q) = -739*q**2 - 8862*q - 10. Calculate i(-12).
-82
Let x(c) = -2*c**3 - 633*c**2 - 16938*c - 1421. Give x(-287).
14
Let k(n) = -47*n**2 - 152*n - 522. Calculate k(-4).
-666
Let u(n) = -2*n**3 - 3*n**2 - 16*n + 35. Calculate u(-7).
686
Let f(b) = -4*b**3 + 9*b**2 - 392*b - 2665. Give f(-7).
1892
Let s(k) = 17878*k - 89353. Determine s(5).
37
Let h(v) = -38*v**2 - 340*v - 30. Determine h(-7).
488
Let v(p) = p**3 - 39*p**2 + 263*p - 410. What is v(29)?
-1193
Let h(a) = a**3 - 40*a**2 - 9861*a + 386091. Determine h(39).
-9
Let y(k) = k**2 - 2307*k + 54555. Give y(24).
-237
Let s(z) = -19060*z - 514584. Calculate s(-27).
36
Let t(i) = -i**2 + 251*i + 1873512. Determine t(-1249).
12
Let c(x) = -11*x**3 - 518*x**2 + 38*x + 4090. What is c(-47)?
95
Let w(b) = -2*b**3 - 28*b**2 - 761*b - 4683. Give w(-7).
-42
Let k(g) = -g**3 - 342*g**2 + 480*g + 279962. Calculate k(-341).
1
Let o(p) = -739*p - 41031. Calculate o(-55).
-386
Let k(t) = 10*t**2 - 1602*t - 1160. What is k(161)?
128
Let k(q) = -151*q + 1849. Calculate k(14).
-265
Let c(h) = -196*h + 5356. Determine c(32).
-916
Let m(p) = -65*p**2 + 7058*p - 3857. Calculate m(108).
247
Let i(r) = r**3 + 15*r**2 + 34*r + 1022. Give i(-15).
512
Let g(s) = -17*s**2 + 7749*s + 17027. What is g(458)?
81
Let h(d) = 149*d**2 - 6049*d - 2464. Calculate h(41).
-4
Let b(a) = -2729*a - 183454. What is b(-67)?
-611
Let t(m) = m**3 - 53*m**2 + 412*m + 2359. What is t(42)?
259
Let g(v) = 6*v**3 + 157*v**2 - 55*v - 2144. Determine g(-26).
-38
Let a(z) = -11*z**2 - 493*z - 188. Calculate a(-35).
3592
Let v(z) = -z**3 + 54*z**2 + 541*z - 3. Give v(-8).
-363
Let t(o) = -18*o**3 + 626*o**2 + 195*o - 59. What is t(35)?
1866
Let m(q) = q**3 - 19*q**2 - 74*q + 1996. Calculate m(15).
-14
Let n(o) = -o**3 - 77*o**2 + 1709*o + 10. Determine n(18).
-8
Let t(b) = -2*b**2 - 597*b - 5991. Give t(-10).
-221
Let t(c) = 18566*c + 594398. Give t(-32).
286
Let k(y) = 11732*y - 152147. What is k(13)?
369
Let b(g) = 184830*g + 554477. Determine b(-3).
-13
Let q(l) = l**3 - 103*l**2 - 315*l + 425. Calculate q(106).
743
Let z(k) = k**3 - 155*k**2 - 3512*k - 140309. Determine z(179).
27
Let q(c) = -90*c**2 - 10608*c + 1323. Determine q(-118).
-93
Let x(z) = 4*z**2 + 2019*z + 19793. Give x(-10).
3
Let h(f) = 6*f**3 + 192*f**2 + 44*f - 2. Give h(-6).
5350
Let m(g) = -7*g**3 + 25*g**2 + 51*g + 6. Give m(-3).
267
Let f(p) = -8*p**2 + 3281*p + 422196. What is f(513)?
-3
Let y(m) = -25*m**2 - 40339*m + 161752. Give y(4).
-4
Let g(j) = 8*j**3 + 12*j**2 + 429*j + 1292. What is g(-3)?
-103
Let z(i) = -185575*i - 927869. Determine z(-5).
6
Let p(l) = 16*l**2 + 809*l - 381. What is p(-51)?
-24
Let v(f) = 202367*f - 11332553. Give v(56).
-1
Let b(l) = 7976*l - 79697. Calculate b(10).
63
Let z(q) = -q**3 + 3387*q**2 + 227713*q - 12216. Determine z(-66).
-6
Let c(s) = -63503*s + 380998. Give c(6).
-20
Let c(q) = q**3 + 110*q**2 - 6*q - 29. What is c(0)?
-29
Let w(j) = 36*j**3 - 1223*j**2 - 48*j + 442. Determine w(34).
-34
Let g(a) = 36278*a + 326558. Calculate g(-9).
56
Let u(v) = 9*v**3 - 916*v**2 + 1848*v - 24791. Give u(100).
9
Let i(h) = -12*h**2 + 726*h + 3940. Calculate i(-6).
-848
Let i(u) = 69*u**3 - 31*u**2 - 64*u - 10. Give i(-2).
-558
Let l(p) = -223*p + 436. Calculate l(3).
-233
Let j(g) = 34*g**2 - 4889*g - 1033. Calculate j(144).
-25
Le